{"id":192,"date":"2020-12-19T08:00:14","date_gmt":"2020-12-19T07:00:14","guid":{"rendered":"http:\/\/www.kv-duedingen.ch\/web\/?page_id=192"},"modified":"2021-01-12T20:30:19","modified_gmt":"2021-01-12T19:30:19","slug":"farneraholz","status":"publish","type":"page","link":"https:\/\/www.kv-duedingen.ch\/web\/wandervorschlaege\/farneraholz\/","title":{"rendered":"Farneraholz"},"content":{"rendered":"\n<p><strong>Charakteristik:<br><\/strong>&#8211; Strecke gelegentlich sehr sumpfig<br>&#8211; sehr gute, feste Schuhe oder Stiefel n\u00f6tig<br>&#8211; cirka 50 bis 60 Minuten<br>&#8211; viel Freilauf f\u00fcr den Hund<\/p>\n\n\n\n<div class=\"wp-block-media-text alignwide is-stacked-on-mobile\"><figure class=\"wp-block-media-text__media\"><img loading=\"lazy\" decoding=\"async\" width=\"477\" height=\"347\" src=\"https:\/\/www.kv-duedingen.ch\/web\/wp-content\/uploads\/2011\/02\/karte_galmis.jpg\" alt=\"\" class=\"wp-image-193 size-full\" srcset=\"https:\/\/www.kv-duedingen.ch\/web\/wp-content\/uploads\/2011\/02\/karte_galmis.jpg 477w, https:\/\/www.kv-duedingen.ch\/web\/wp-content\/uploads\/2011\/02\/karte_galmis-300x218.jpg 300w\" sizes=\"auto, (max-width: 477px) 100vw, 477px\" \/><\/figure><div class=\"wp-block-media-text__content\">\n<p><strong>Beschreibung:<\/strong><br>Zwischen Fillistorf und Galmis liegt das Depot von der Firma Dachdecker Lehmann AG in Schmitten. Am Rande hat es f\u00fcr zwei bis drei Auto Parkpl\u00e4tze zur Verf\u00fcgung. <br>Von dort gelangt man auf die Wanderwege (!) in Richtung Berg und n\u00f6rdliches Farneraholz. Wo der Wald anf\u00e4ngt beginnt unser Rundwanderweg &#8211; am Waldrand entlang, dann im Wald \u00fcber einen kleinen H\u00fcgel hinauf.<br><\/p>\n<\/div><\/div>\n\n\n\n<div class=\"wp-block-media-text alignwide has-media-on-the-right is-stacked-on-mobile\"><figure class=\"wp-block-media-text__media\"><img loading=\"lazy\" decoding=\"async\" width=\"138\" height=\"138\" src=\"https:\/\/www.kv-duedingen.ch\/web\/wp-content\/uploads\/2011\/02\/farnera1.jpg\" alt=\"\" class=\"wp-image-195 size-full\"\/><\/figure><div class=\"wp-block-media-text__content\">\n<p>An gelb markierter Stelle findet man mehrere gelbe Wegweiser (Wanderwege) und gelbe Markierungen an B\u00e4umen. Leider gleicht dieser Wanderweg eher einem offenen Acker. Traktoren verdichteten einst den Weg, so dass Pf\u00fctzen nicht mehr auslaufen k\u00f6nnen. Geschleifte Baumst\u00e4mme h\u00f6hlen den Weg aus und unz\u00e4hlige Pferdehufe gaben ihm den Rest. Im hinteren Bereich (auf der Karte dort wo der gelbe Wegweiser steht) f\u00fchrt der Weg breit wie eine Kantonalstrasse den Wald hinauf, ist aber kaum begehbar.<br><\/p>\n<\/div><\/div>\n\n\n\n<div class=\"wp-block-media-text alignwide is-stacked-on-mobile\"><figure class=\"wp-block-media-text__media\"><img loading=\"lazy\" decoding=\"async\" width=\"446\" height=\"304\" src=\"https:\/\/www.kv-duedingen.ch\/web\/wp-content\/uploads\/2011\/02\/farnera2.jpg\" alt=\"\" class=\"wp-image-197 size-full\" srcset=\"https:\/\/www.kv-duedingen.ch\/web\/wp-content\/uploads\/2011\/02\/farnera2.jpg 446w, https:\/\/www.kv-duedingen.ch\/web\/wp-content\/uploads\/2011\/02\/farnera2-300x204.jpg 300w\" sizes=\"auto, (max-width: 446px) 100vw, 446px\" \/><\/figure><div class=\"wp-block-media-text__content\">\n<p>Zwischen den beiden Waldteilen muss meterweit ins Feld ausgewichen werden, weil es dort fast kein Durchkommen mehr gibt. Man fragt sich schon, wem es in den Sinn kommt, solche \u00c4cker als Wanderweg zu definieren. Hat man diese Passage hinter sich, \u00f6ffnet sich aber eine sch\u00f6ne Wegstrecke. Der Rest ist ein Spaziergang in einer Umgebung, die mir sehr behagt und die Unannehmlichkeiten rasch vergessen l\u00e4sst. <br>Tourenvorschlag von Lilian Vonlanthen<a href=\"https:\/\/www.kv-duedingen.ch\/web\/wp-content\/uploads\/2011\/02\/farnera3.jpg\"><\/a><\/p>\n<\/div><\/div>\n\n\n\n<div class=\"wp-block-image is-style-default\"><figure class=\"alignright\"><a href=\"https:\/\/www.kv-duedingen.ch\/web\/wp-content\/uploads\/2011\/02\/farnera3.jpg\"><img loading=\"lazy\" decoding=\"async\" width=\"446\" height=\"304\" src=\"https:\/\/www.kv-duedingen.ch\/web\/wp-content\/uploads\/2011\/02\/farnera3.jpg\" alt=\"\" class=\"wp-image-198\" title=\"Farnera Wanderweg\" srcset=\"https:\/\/www.kv-duedingen.ch\/web\/wp-content\/uploads\/2011\/02\/farnera3.jpg 446w, https:\/\/www.kv-duedingen.ch\/web\/wp-content\/uploads\/2011\/02\/farnera3-300x204.jpg 300w\" sizes=\"auto, (max-width: 446px) 100vw, 446px\" \/><\/a><\/figure><\/div>\n","protected":false},"excerpt":{"rendered":"<p>Charakteristik:&#8211; Strecke gelegentlich sehr sumpfig&#8211; sehr gute, feste Schuhe oder Stiefel n\u00f6tig&#8211; cirka 50 bis 60 Minuten&#8211; viel Freilauf f\u00fcr den Hund Beschreibung:Zwischen Fillistorf und Galmis liegt das Depot von der Firma Dachdecker Lehmann AG in Schmitten. Am Rande hat &hellip; <a href=\"https:\/\/www.kv-duedingen.ch\/web\/wandervorschlaege\/farneraholz\/\">Weiterlesen <span class=\"meta-nav\">&rarr;<\/span><\/a><\/p>\n","protected":false},"author":237,"featured_media":0,"parent":2339,"menu_order":0,"comment_status":"closed","ping_status":"closed","template":"","meta":{"footnotes":""},"class_list":["post-192","page","type-page","status-publish","hentry"],"_links":{"self":[{"href":"https:\/\/www.kv-duedingen.ch\/web\/wp-json\/wp\/v2\/pages\/192","targetHints":{"allow":["GET"]}}],"collection":[{"href":"https:\/\/www.kv-duedingen.ch\/web\/wp-json\/wp\/v2\/pages"}],"about":[{"href":"https:\/\/www.kv-duedingen.ch\/web\/wp-json\/wp\/v2\/types\/page"}],"author":[{"embeddable":true,"href":"https:\/\/www.kv-duedingen.ch\/web\/wp-json\/wp\/v2\/users\/237"}],"replies":[{"embeddable":true,"href":"https:\/\/www.kv-duedingen.ch\/web\/wp-json\/wp\/v2\/comments?post=192"}],"version-history":[{"count":19,"href":"https:\/\/www.kv-duedingen.ch\/web\/wp-json\/wp\/v2\/pages\/192\/revisions"}],"predecessor-version":[{"id":2463,"href":"https:\/\/www.kv-duedingen.ch\/web\/wp-json\/wp\/v2\/pages\/192\/revisions\/2463"}],"up":[{"embeddable":true,"href":"https:\/\/www.kv-duedingen.ch\/web\/wp-json\/wp\/v2\/pages\/2339"}],"wp:attachment":[{"href":"https:\/\/www.kv-duedingen.ch\/web\/wp-json\/wp\/v2\/media?parent=192"}],"curies":[{"name":"wp","href":"https:\/\/api.w.org\/{rel}","templated":true}]}}

<p><strong>Charakteristik:<br></strong>&#8211; Strecke gelegentlich sehr sumpfig<br>&#8211; sehr gute, feste Schuhe oder Stiefel nötig<br>&#8211; cirka 50 bis 60 Minuten<br>&#8211; viel Freilauf für den Hund</p>



<div class="wp-block-media-text alignwide is-stacked-on-mobile"><figure class="wp-block-media-text__media"><img loading="lazy" decoding="async" width="477" height="347" src="https://www.kv-duedingen.ch/web/wp-content/uploads/2011/02/karte_galmis.jpg" alt="" class="wp-image-193 size-full" srcset="https://www.kv-duedingen.ch/web/wp-content/uploads/2011/02/karte_galmis.jpg 477w, https://www.kv-duedingen.ch/web/wp-content/uploads/2011/02/karte_galmis-300x218.jpg 300w" sizes="auto, (max-width: 477px) 100vw, 477px" /></figure><div class="wp-block-media-text__content">
<p><strong>Beschreibung:</strong><br>Zwischen Fillistorf und Galmis liegt das Depot von der Firma Dachdecker Lehmann AG in Schmitten. Am Rande hat es für zwei bis drei Auto Parkplätze zur Verfügung. <br>Von dort gelangt man auf die Wanderwege (!) in Richtung Berg und nördliches Farneraholz. Wo der Wald anfängt beginnt unser Rundwanderweg &#8211; am Waldrand entlang, dann im Wald über einen kleinen Hügel hinauf.<br></p>
</div></div>



<div class="wp-block-media-text alignwide has-media-on-the-right is-stacked-on-mobile"><figure class="wp-block-media-text__media"><img loading="lazy" decoding="async" width="138" height="138" src="https://www.kv-duedingen.ch/web/wp-content/uploads/2011/02/farnera1.jpg" alt="" class="wp-image-195 size-full"/></figure><div class="wp-block-media-text__content">
<p>An gelb markierter Stelle findet man mehrere gelbe Wegweiser (Wanderwege) und gelbe Markierungen an Bäumen. Leider gleicht dieser Wanderweg eher einem offenen Acker. Traktoren verdichteten einst den Weg, so dass Pfützen nicht mehr auslaufen können. Geschleifte Baumstämme höhlen den Weg aus und unzählige Pferdehufe gaben ihm den Rest. Im hinteren Bereich (auf der Karte dort wo der gelbe Wegweiser steht) führt der Weg breit wie eine Kantonalstrasse den Wald hinauf, ist aber kaum begehbar.<br></p>
</div></div>



<div class="wp-block-media-text alignwide is-stacked-on-mobile"><figure class="wp-block-media-text__media"><img loading="lazy" decoding="async" width="446" height="304" src="https://www.kv-duedingen.ch/web/wp-content/uploads/2011/02/farnera2.jpg" alt="" class="wp-image-197 size-full" srcset="https://www.kv-duedingen.ch/web/wp-content/uploads/2011/02/farnera2.jpg 446w, https://www.kv-duedingen.ch/web/wp-content/uploads/2011/02/farnera2-300x204.jpg 300w" sizes="auto, (max-width: 446px) 100vw, 446px" /></figure><div class="wp-block-media-text__content">
<p>Zwischen den beiden Waldteilen muss meterweit ins Feld ausgewichen werden, weil es dort fast kein Durchkommen mehr gibt. Man fragt sich schon, wem es in den Sinn kommt, solche Äcker als Wanderweg zu definieren. Hat man diese Passage hinter sich, öffnet sich aber eine schöne Wegstrecke. Der Rest ist ein Spaziergang in einer Umgebung, die mir sehr behagt und die Unannehmlichkeiten rasch vergessen lässt. <br>Tourenvorschlag von Lilian Vonlanthen<a href="https://www.kv-duedingen.ch/web/wp-content/uploads/2011/02/farnera3.jpg"></a></p>
</div></div>



<div class="wp-block-image is-style-default"><figure class="alignright"><a href="https://www.kv-duedingen.ch/web/wp-content/uploads/2011/02/farnera3.jpg"><img loading="lazy" decoding="async" width="446" height="304" src="https://www.kv-duedingen.ch/web/wp-content/uploads/2011/02/farnera3.jpg" alt="" class="wp-image-198" title="Farnera Wanderweg" srcset="https://www.kv-duedingen.ch/web/wp-content/uploads/2011/02/farnera3.jpg 446w, https://www.kv-duedingen.ch/web/wp-content/uploads/2011/02/farnera3-300x204.jpg 300w" sizes="auto, (max-width: 446px) 100vw, 446px" /></a></figure></div>

<p>Charakteristik:&#8211; Strecke gelegentlich sehr sumpfig&#8211; sehr gute, feste Schuhe oder Stiefel nötig&#8211; cirka 50 bis 60 Minuten&#8211; viel Freilauf für den Hund Beschreibung:Zwischen Fillistorf und Galmis liegt das Depot von der Firma Dachdecker Lehmann AG in Schmitten. Am Rande hat &hellip; <a href="https://www.kv-duedingen.ch/web/wandervorschlaege/farneraholz/">Weiterlesen <span class="meta-nav">&rarr;</span></a></p>
