{"id":1706,"date":"2019-12-10T18:02:14","date_gmt":"2019-12-10T17:02:14","guid":{"rendered":"http:\/\/www.kv-duedingen.ch\/web\/?page_id=1706"},"modified":"2023-03-12T11:03:54","modified_gmt":"2023-03-12T10:03:54","slug":"gruendung-und-chronologie","status":"publish","type":"page","link":"https:\/\/www.kv-duedingen.ch\/web\/portrait\/gruendung-und-chronologie\/","title":{"rendered":"Gr\u00fcndung und Chronologie"},"content":{"rendered":"\n<p>Der Vereinsgr\u00fcndung ging gemeinsames Training von G\u00f6tschmann Peter, Neuhaus Alois und Zahno Peter voraus. Sie k\u00f6nnen in diesem Sinne als Gr\u00fcndungsv\u00e4ter des KVD betrachtet werden. <br>Erster Trainingsstandort ist hinter dem Schlachthaus, sp\u00e4ter Grube Waldeck.<\/p>\n\n\n\n<p><strong>1976<\/strong> im Mai Gr\u00fcndung des Vereins in der fr\u00fcheren Kegelbahn im Hotel des Alpes. Gr\u00fcndungsmitglieder waren: Br\u00fclhart Charles, Br\u00fcnisholz Vreni, G\u00f6tschmann Peter, Kessler Peter, Neuhaus Alois, Roggo Armin, Zahno Peter, Waser Ren\u00e9 (nicht abschliessend).<\/p>\n\n\n\n<p>Bald kann der offizielle Trainingsplatz Waldeck (2500 m2 im Eigentum des KVD) bezogen werden. Offiziell angeboten werden zu diesem Zeitpunkt Trainings f\u00fcr Begleithund (BH) und Schutzhund (1, 2 und 3). <\/p>\n\n\n\n<p>Das erste Logo zeichnet den neuen Verein optisch aus.\n<\/p>\n\n\n\n<p><strong>1980<\/strong> der KVD wird Mitglied der SKG (Schweizerische Kynologische Gesellschaft)<\/p>\n\n\n\n<p><strong>1998<\/strong> Neues Logo, weil im alten noch \u201acoupierte\u2018 Ohren zu sehen sind<\/p>\n\n\n\n<p><strong>2002<\/strong> Erste Webseite ist online: <strong>www.kv-duedingen.ch<\/strong> (erstellt von Marco Perrulaz)<\/p>\n\n\n\n<p><strong>2005<\/strong> Zus\u00e4tzlicher Trainingsplatz im Toggeliloch<\/p>\n\n\n\n<p><strong>2006<\/strong> Neues eigenst\u00e4ndiges Vereinslogo <\/p>\n\n\n\n<p><strong>2007<\/strong> Das kantonale Gesetz f\u00fcr die Hundehaltung HHG wird in Kraft gesetzt. Die neuen Vorgaben dezimieren den Bestand erfahrener Leiter\/innen drastisch und wirken sich entsprechend auch auf die Mitgliederzahl aus.<\/p>\n\n\n\n<p><strong>2013<\/strong> 96 Mitglieder, die teilweise von weit her kommen <\/p>\n\n\n\n<p><strong>2016<\/strong> R\u00fccktritt der Pr\u00e4sidentin Doris Kunz (\u201aad-interim\u2018 seit 2003); <br>neuer Pr\u00e4sident ist Werner Gander; <br>Erstmals KVD Stand am D\u00fcdinger Martinsmarkt <\/p>\n\n\n\n<p><strong>2017<\/strong> Dank erfolgreicher Volksmotion lockert der Grossrat das Kantonale Hundegesetz. Die Situation f\u00fcr freiwillige Leiter\/innen in den Vereinen verbessert sich. <br>Umfangreiche Renovation Klubhaus Waldeck.<\/p>\n\n\n\n<p><strong>2018<\/strong> Die Statuten werden vollst\u00e4ndig \u00fcberarbeitet und von der SKG genehmigt.<\/p>\n\n\n\n<p><strong>2019<\/strong> Pr\u00e4sident ist Werner Gander; Kassierin ist Doris F\u00fcrholz; <br>53 Mitglieder (Stand GV 2019) <br>Mit Nachwirkung der staatlichen Vorschriften (siehe 2007) mangelt es immer noch an \u00dcbungsleitenden.<\/p>\n\n\n\n<p><strong>Bisherige Vereinspr\u00e4sidenten:<\/strong>&nbsp;&nbsp;&nbsp; <br>Charles Br\u00fclhart (10 Jahre)<br>Ursula G\u00f6tschmann (8 Jahre)<br>Franz Franz<br>Eugen Wernli<br>Jacques Guillod<br>Johann &#8222;Hannes&#8220; Lehmann<br>Doris Kunz (13 Jahre)<br>Werner Gander<\/p>\n\n\n\n<p><strong>Bisherige Ehrenpr\u00e4sidenten:<\/strong>&nbsp; <br>2007 Johann \u201eHannes\u201c Lehmann<br>2016 Doris Kunz<\/p>\n\n\n\n<p><strong>Weitere Ehrenmitglieder: &nbsp;&nbsp;&nbsp;<\/strong>&nbsp;&nbsp;&nbsp;&nbsp;&nbsp; <br>1976 Peter und Ursula G\u00f6tschmann <br>1976 Franz Riklin<br>2008 Jean-Pierre Winkler<br>2016 Bernadette Schindler <\/p>\n\n\n\n<p><strong>Ziel und Zweck.<\/strong>&nbsp;&nbsp;<br>Offen sein f\u00fcr alle Interessierten \u2013 mit und ohne Hund.<br>Wissen und K\u00f6nnen rund um den Hund vermitteln. <br>Prim\u00e4r Menschen ausbilden, aber auch deren Hunde. <\/p>\n\n\n\n<figure class=\"wp-block-image\"><img loading=\"lazy\" decoding=\"async\" width=\"529\" height=\"205\" src=\"https:\/\/www.kv-duedingen.ch\/web\/wp-content\/uploads\/2019\/12\/vereinslogos-1.gif\" alt=\"\" class=\"wp-image-1709\"\/><\/figure>\n\n\n\n<figure class=\"wp-block-image is-resized\"><img loading=\"lazy\" decoding=\"async\" src=\"https:\/\/www.kv-duedingen.ch\/web\/wp-content\/uploads\/2019\/12\/trainingsplaetze.jpg\" alt=\"\" class=\"wp-image-1708\" width=\"570\" height=\"404\" srcset=\"https:\/\/www.kv-duedingen.ch\/web\/wp-content\/uploads\/2019\/12\/trainingsplaetze.jpg 399w, https:\/\/www.kv-duedingen.ch\/web\/wp-content\/uploads\/2019\/12\/trainingsplaetze-150x106.jpg 150w, https:\/\/www.kv-duedingen.ch\/web\/wp-content\/uploads\/2019\/12\/trainingsplaetze-300x213.jpg 300w\" sizes=\"auto, (max-width: 570px) 100vw, 570px\" \/><\/figure>\n\n\n\n<p><em>Die urspr\u00fcnglichen Dokumente, bsp. das Gr\u00fcndungsprotokoll, sind leider verschollen.<br>Weiterf\u00fchrende Infos und Fotos werden heute noch gesucht und sehr gerne entgegen genommen.<\/em><\/p>\n\n\n\n<p> <\/p>\n","protected":false},"excerpt":{"rendered":"<p>Der Vereinsgr\u00fcndung ging gemeinsames Training von G\u00f6tschmann Peter, Neuhaus Alois und Zahno Peter voraus. Sie k\u00f6nnen in diesem Sinne als Gr\u00fcndungsv\u00e4ter des KVD betrachtet werden. Erster Trainingsstandort ist hinter dem Schlachthaus, sp\u00e4ter Grube Waldeck. 1976 im Mai Gr\u00fcndung des Vereins &hellip; <a href=\"https:\/\/www.kv-duedingen.ch\/web\/portrait\/gruendung-und-chronologie\/\">Weiterlesen <span class=\"meta-nav\">&rarr;<\/span><\/a><\/p>\n","protected":false},"author":237,"featured_media":0,"parent":6,"menu_order":0,"comment_status":"closed","ping_status":"closed","template":"","meta":{"footnotes":""},"class_list":["post-1706","page","type-page","status-publish","hentry"],"_links":{"self":[{"href":"https:\/\/www.kv-duedingen.ch\/web\/wp-json\/wp\/v2\/pages\/1706","targetHints":{"allow":["GET"]}}],"collection":[{"href":"https:\/\/www.kv-duedingen.ch\/web\/wp-json\/wp\/v2\/pages"}],"about":[{"href":"https:\/\/www.kv-duedingen.ch\/web\/wp-json\/wp\/v2\/types\/page"}],"author":[{"embeddable":true,"href":"https:\/\/www.kv-duedingen.ch\/web\/wp-json\/wp\/v2\/users\/237"}],"replies":[{"embeddable":true,"href":"https:\/\/www.kv-duedingen.ch\/web\/wp-json\/wp\/v2\/comments?post=1706"}],"version-history":[{"count":6,"href":"https:\/\/www.kv-duedingen.ch\/web\/wp-json\/wp\/v2\/pages\/1706\/revisions"}],"predecessor-version":[{"id":3322,"href":"https:\/\/www.kv-duedingen.ch\/web\/wp-json\/wp\/v2\/pages\/1706\/revisions\/3322"}],"up":[{"embeddable":true,"href":"https:\/\/www.kv-duedingen.ch\/web\/wp-json\/wp\/v2\/pages\/6"}],"wp:attachment":[{"href":"https:\/\/www.kv-duedingen.ch\/web\/wp-json\/wp\/v2\/media?parent=1706"}],"curies":[{"name":"wp","href":"https:\/\/api.w.org\/{rel}","templated":true}]}}

Gründung und Chronologie

<p>Der Vereinsgründung ging gemeinsames Training von Götschmann Peter, Neuhaus Alois und Zahno Peter voraus. Sie können in diesem Sinne als Gründungsväter des KVD betrachtet werden. <br>Erster Trainingsstandort ist hinter dem Schlachthaus, später Grube Waldeck.</p>



<p><strong>1976</strong> im Mai Gründung des Vereins in der früheren Kegelbahn im Hotel des Alpes. Gründungsmitglieder waren: Brülhart Charles, Brünisholz Vreni, Götschmann Peter, Kessler Peter, Neuhaus Alois, Roggo Armin, Zahno Peter, Waser René (nicht abschliessend).</p>



<p>Bald kann der offizielle Trainingsplatz Waldeck (2500 m2 im Eigentum des KVD) bezogen werden. Offiziell angeboten werden zu diesem Zeitpunkt Trainings für Begleithund (BH) und Schutzhund (1, 2 und 3). </p>



<p>Das erste Logo zeichnet den neuen Verein optisch aus.
</p>



<p><strong>1980</strong> der KVD wird Mitglied der SKG (Schweizerische Kynologische Gesellschaft)</p>



<p><strong>1998</strong> Neues Logo, weil im alten noch ‚coupierte‘ Ohren zu sehen sind</p>



<p><strong>2002</strong> Erste Webseite ist online: <strong>www.kv-duedingen.ch</strong> (erstellt von Marco Perrulaz)</p>



<p><strong>2005</strong> Zusätzlicher Trainingsplatz im Toggeliloch</p>



<p><strong>2006</strong> Neues eigenständiges Vereinslogo </p>



<p><strong>2007</strong> Das kantonale Gesetz für die Hundehaltung HHG wird in Kraft gesetzt. Die neuen Vorgaben dezimieren den Bestand erfahrener Leiter/innen drastisch und wirken sich entsprechend auch auf die Mitgliederzahl aus.</p>



<p><strong>2013</strong> 96 Mitglieder, die teilweise von weit her kommen </p>



<p><strong>2016</strong> Rücktritt der Präsidentin Doris Kunz (‚ad-interim‘ seit 2003); <br>neuer Präsident ist Werner Gander; <br>Erstmals KVD Stand am Düdinger Martinsmarkt </p>



<p><strong>2017</strong> Dank erfolgreicher Volksmotion lockert der Grossrat das Kantonale Hundegesetz. Die Situation für freiwillige Leiter/innen in den Vereinen verbessert sich. <br>Umfangreiche Renovation Klubhaus Waldeck.</p>



<p><strong>2018</strong> Die Statuten werden vollständig überarbeitet und von der SKG genehmigt.</p>



<p><strong>2019</strong> Präsident ist Werner Gander; Kassierin ist Doris Fürholz; <br>53 Mitglieder (Stand GV 2019) <br>Mit Nachwirkung der staatlichen Vorschriften (siehe 2007) mangelt es immer noch an Übungsleitenden.</p>



<p><strong>Bisherige Vereinspräsidenten:</strong>&nbsp;&nbsp;&nbsp; <br>Charles Brülhart (10 Jahre)<br>Ursula Götschmann (8 Jahre)<br>Franz Franz<br>Eugen Wernli<br>Jacques Guillod<br>Johann &#8222;Hannes&#8220; Lehmann<br>Doris Kunz (13 Jahre)<br>Werner Gander</p>



<p><strong>Bisherige Ehrenpräsidenten:</strong>&nbsp; <br>2007 Johann „Hannes“ Lehmann<br>2016 Doris Kunz</p>



<p><strong>Weitere Ehrenmitglieder: &nbsp;&nbsp;&nbsp;</strong>&nbsp;&nbsp;&nbsp;&nbsp;&nbsp; <br>1976 Peter und Ursula Götschmann <br>1976 Franz Riklin<br>2008 Jean-Pierre Winkler<br>2016 Bernadette Schindler </p>



<p><strong>Ziel und Zweck.</strong>&nbsp;&nbsp;<br>Offen sein für alle Interessierten – mit und ohne Hund.<br>Wissen und Können rund um den Hund vermitteln. <br>Primär Menschen ausbilden, aber auch deren Hunde. </p>



<figure class="wp-block-image"><img loading="lazy" decoding="async" width="529" height="205" src="https://www.kv-duedingen.ch/web/wp-content/uploads/2019/12/vereinslogos-1.gif" alt="" class="wp-image-1709"/></figure>



<figure class="wp-block-image is-resized"><img loading="lazy" decoding="async" src="https://www.kv-duedingen.ch/web/wp-content/uploads/2019/12/trainingsplaetze.jpg" alt="" class="wp-image-1708" width="570" height="404" srcset="https://www.kv-duedingen.ch/web/wp-content/uploads/2019/12/trainingsplaetze.jpg 399w, https://www.kv-duedingen.ch/web/wp-content/uploads/2019/12/trainingsplaetze-150x106.jpg 150w, https://www.kv-duedingen.ch/web/wp-content/uploads/2019/12/trainingsplaetze-300x213.jpg 300w" sizes="auto, (max-width: 570px) 100vw, 570px" /></figure>



<p><em>Die ursprünglichen Dokumente, bsp. das Gründungsprotokoll, sind leider verschollen.<br>Weiterführende Infos und Fotos werden heute noch gesucht und sehr gerne entgegen genommen.</em></p>



<p> </p>

<p>Der Vereinsgründung ging gemeinsames Training von Götschmann Peter, Neuhaus Alois und Zahno Peter voraus. Sie können in diesem Sinne als Gründungsväter des KVD betrachtet werden. Erster Trainingsstandort ist hinter dem Schlachthaus, später Grube Waldeck. 1976 im Mai Gründung des Vereins &hellip; <a href="https://www.kv-duedingen.ch/web/portrait/gruendung-und-chronologie/">Weiterlesen <span class="meta-nav">&rarr;</span></a></p>
