{"id":137,"date":"2011-02-19T14:08:02","date_gmt":"2011-02-19T13:08:02","guid":{"rendered":"http:\/\/www.kv-duedingen.ch\/web\/?page_id=137"},"modified":"2021-05-07T20:09:55","modified_gmt":"2021-05-07T19:09:55","slug":"toggeliloch","status":"publish","type":"page","link":"https:\/\/www.kv-duedingen.ch\/web\/trainingsplatze\/toggeliloch\/","title":{"rendered":"Toggeliloch"},"content":{"rendered":"<h3>Seit 2005 haben wir einen zweiten Trainingsplatz beziehen d\u00fcrfen.<\/h3>\n<h3><img loading=\"lazy\" decoding=\"async\" class=\"alignleft size-full wp-image-138\" style=\"margin-bottom: 30px; margin-right: 60px;\" title=\"Santihans\" src=\"https:\/\/www.kv-duedingen.ch\/web\/wp-content\/uploads\/2011\/02\/santihans.jpg\" alt=\"\" width=\"476\" height=\"300\" srcset=\"https:\/\/www.kv-duedingen.ch\/web\/wp-content\/uploads\/2011\/02\/santihans.jpg 476w, https:\/\/www.kv-duedingen.ch\/web\/wp-content\/uploads\/2011\/02\/santihans-300x189.jpg 300w\" sizes=\"auto, (max-width: 476px) 100vw, 476px\" \/><\/h3>\n<p>\u00a0<\/p>\n<p>\u00a0<\/p>\n<p>\u00a0<\/p>\n<p>\u00a0<\/p>\n<p>\u00a0<\/p>\n<p>\u00a0<\/p>\n<p>\u00a0<\/p>\n<p>Ein wirklich grossz\u00fcgiger Trainingsplatz. Auf den Ausschnitten sieht man gut den Aufenthaltspavillon unter dem Toggelilochviadukt. Bevor man aufs Gel\u00e4nde f\u00e4hrt hat es gen\u00fcgend Parkpl\u00e4tze f\u00fcr alle.<br \/><strong>\u00dcbrigens:<br \/><\/strong>Mit R\u00fccksichtsnahme auf die G\u00e4rteler haben der Vorstand und die \u00dcbungsleitenden entschieden, dass vom Parkplatz bis zum \u00dcbungsgel\u00e4nde (roter Pfeil) die Hunde an der Leine zu f\u00fchren sind. Vielen Dank!<br \/>Und hier ist der Platz zu finden:<br \/><a href=\"https:\/\/www.kv-duedingen.ch\/web\/wp-content\/uploads\/2011\/02\/santihans.gif\"><img loading=\"lazy\" decoding=\"async\" class=\"alignleft size-medium wp-image-139\" title=\"Toggeliloch Santihans\" src=\"https:\/\/www.kv-duedingen.ch\/web\/wp-content\/uploads\/2011\/02\/santihans-300x205.gif\" alt=\"\" width=\"300\" height=\"205\" srcset=\"https:\/\/www.kv-duedingen.ch\/web\/wp-content\/uploads\/2011\/02\/santihans-300x205.gif 300w, https:\/\/www.kv-duedingen.ch\/web\/wp-content\/uploads\/2011\/02\/santihans.gif 711w\" sizes=\"auto, (max-width: 300px) 100vw, 300px\" \/><\/a><\/p>\n\n\n<p><\/p>\n","protected":false},"excerpt":{"rendered":"<p>Seit 2005 haben wir einen zweiten Trainingsplatz beziehen d\u00fcrfen. \u00a0 \u00a0 \u00a0 \u00a0 \u00a0 \u00a0 \u00a0 Ein wirklich grossz\u00fcgiger Trainingsplatz. Auf den Ausschnitten sieht man gut den Aufenthaltspavillon unter dem Toggelilochviadukt. Bevor man aufs Gel\u00e4nde f\u00e4hrt hat es gen\u00fcgend Parkpl\u00e4tze &hellip; <a href=\"https:\/\/www.kv-duedingen.ch\/web\/trainingsplatze\/toggeliloch\/\">Weiterlesen <span class=\"meta-nav\">&rarr;<\/span><\/a><\/p>\n","protected":false},"author":237,"featured_media":0,"parent":12,"menu_order":2,"comment_status":"closed","ping_status":"closed","template":"","meta":{"footnotes":""},"class_list":["post-137","page","type-page","status-publish","hentry"],"_links":{"self":[{"href":"https:\/\/www.kv-duedingen.ch\/web\/wp-json\/wp\/v2\/pages\/137","targetHints":{"allow":["GET"]}}],"collection":[{"href":"https:\/\/www.kv-duedingen.ch\/web\/wp-json\/wp\/v2\/pages"}],"about":[{"href":"https:\/\/www.kv-duedingen.ch\/web\/wp-json\/wp\/v2\/types\/page"}],"author":[{"embeddable":true,"href":"https:\/\/www.kv-duedingen.ch\/web\/wp-json\/wp\/v2\/users\/237"}],"replies":[{"embeddable":true,"href":"https:\/\/www.kv-duedingen.ch\/web\/wp-json\/wp\/v2\/comments?post=137"}],"version-history":[{"count":18,"href":"https:\/\/www.kv-duedingen.ch\/web\/wp-json\/wp\/v2\/pages\/137\/revisions"}],"predecessor-version":[{"id":2563,"href":"https:\/\/www.kv-duedingen.ch\/web\/wp-json\/wp\/v2\/pages\/137\/revisions\/2563"}],"up":[{"embeddable":true,"href":"https:\/\/www.kv-duedingen.ch\/web\/wp-json\/wp\/v2\/pages\/12"}],"wp:attachment":[{"href":"https:\/\/www.kv-duedingen.ch\/web\/wp-json\/wp\/v2\/media?parent=137"}],"curies":[{"name":"wp","href":"https:\/\/api.w.org\/{rel}","templated":true}]}}