{"id":123,"date":"2011-02-19T13:48:57","date_gmt":"2011-02-19T12:48:57","guid":{"rendered":"http:\/\/www.kv-duedingen.ch\/web\/?page_id=123"},"modified":"2026-02-26T20:23:14","modified_gmt":"2026-02-26T19:23:14","slug":"leitung","status":"publish","type":"page","link":"https:\/\/www.kv-duedingen.ch\/web\/leitung\/","title":{"rendered":"Leitung"},"content":{"rendered":"\n<p>Funktion\u00e4re vervollst\u00e4ndigen die Vereinsleitung:<\/p>\n\n\n\n<p><strong>Kassenrevisoren<\/strong><br>Eliane Binz<br>Dorothea Aebischer<\/p>\n\n\n\n<p><strong><a href=\"https:\/\/www.kv-duedingen.ch\/web\/?page_id=3009\" target=\"_blank\" rel=\"noreferrer noopener\">\u00dcbungsleitende<\/a><\/strong><br>Nadia Aebischer<br>Melanie Hall<br>Sim Guillebeau<br>Carine Spicher<br>Andrea Zeller<br>Rebecca Gurzeler<br>Elisabeth Aebi<br>Corinne Gander<br>Daniel Wenger<\/p>\n\n\n\n<p><\/p>\n\n\n\n<p><strong><a href=\"https:\/\/www.kv-duedingen.ch\/web\/?page_id=8\" target=\"_blank\" rel=\"noreferrer noopener\">Vorstand<\/a><\/strong><br>Werner Gander<br>Michael von Niederh\u00e4usern<br>Carine Spicher<br>Melanie Hall<br>Christina Pfaff-Wuethrich<\/p>\n\n\n\n<p><strong>Website<\/strong><br>Melanie Hall<\/p>\n\n\n\n<p><\/p>\n","protected":false},"excerpt":{"rendered":"<p>Funktion\u00e4re vervollst\u00e4ndigen die Vereinsleitung: KassenrevisorenEliane BinzDorothea Aebischer \u00dcbungsleitendeNadia AebischerMelanie HallSim GuillebeauCarine SpicherAndrea ZellerRebecca GurzelerElisabeth AebiCorinne GanderDaniel Wenger VorstandWerner GanderMichael von Niederh\u00e4usernCarine SpicherMelanie HallChristina Pfaff-Wuethrich WebsiteMelanie Hall<\/p>\n","protected":false},"author":237,"featured_media":0,"parent":0,"menu_order":4,"comment_status":"closed","ping_status":"closed","template":"","meta":{"footnotes":""},"class_list":["post-123","page","type-page","status-publish","hentry"],"_links":{"self":[{"href":"https:\/\/www.kv-duedingen.ch\/web\/wp-json\/wp\/v2\/pages\/123","targetHints":{"allow":["GET"]}}],"collection":[{"href":"https:\/\/www.kv-duedingen.ch\/web\/wp-json\/wp\/v2\/pages"}],"about":[{"href":"https:\/\/www.kv-duedingen.ch\/web\/wp-json\/wp\/v2\/types\/page"}],"author":[{"embeddable":true,"href":"https:\/\/www.kv-duedingen.ch\/web\/wp-json\/wp\/v2\/users\/237"}],"replies":[{"embeddable":true,"href":"https:\/\/www.kv-duedingen.ch\/web\/wp-json\/wp\/v2\/comments?post=123"}],"version-history":[{"count":32,"href":"https:\/\/www.kv-duedingen.ch\/web\/wp-json\/wp\/v2\/pages\/123\/revisions"}],"predecessor-version":[{"id":4316,"href":"https:\/\/www.kv-duedingen.ch\/web\/wp-json\/wp\/v2\/pages\/123\/revisions\/4316"}],"wp:attachment":[{"href":"https:\/\/www.kv-duedingen.ch\/web\/wp-json\/wp\/v2\/media?parent=123"}],"curies":[{"name":"wp","href":"https:\/\/api.w.org\/{rel}","templated":true}]}}

<p>Funktionäre vervollständigen die Vereinsleitung:</p>



<p><strong>Kassenrevisoren</strong><br>Eliane Binz<br>Dorothea Aebischer</p>



<p><strong><a href="https://www.kv-duedingen.ch/web/?page_id=3009" target="_blank" rel="noreferrer noopener">Übungsleitende</a></strong><br>Nadia Aebischer<br>Melanie Hall<br>Sim Guillebeau<br>Carine Spicher<br>Andrea Zeller<br>Rebecca Gurzeler<br>Elisabeth Aebi<br>Corinne Gander<br>Daniel Wenger</p>



<p></p>



<p><strong><a href="https://www.kv-duedingen.ch/web/?page_id=8" target="_blank" rel="noreferrer noopener">Vorstand</a></strong><br>Werner Gander<br>Michael von Niederhäusern<br>Carine Spicher<br>Melanie Hall<br>Christina Pfaff-Wuethrich</p>



<p><strong>Website</strong><br>Melanie Hall</p>



<p></p>

<p>Funktionäre vervollständigen die Vereinsleitung: KassenrevisorenEliane BinzDorothea Aebischer ÜbungsleitendeNadia AebischerMelanie HallSim GuillebeauCarine SpicherAndrea ZellerRebecca GurzelerElisabeth AebiCorinne GanderDaniel Wenger VorstandWerner GanderMichael von NiederhäusernCarine SpicherMelanie HallChristina Pfaff-Wuethrich WebsiteMelanie Hall</p>
